**2 - 148*z + 72. What are the prime factors of x(6)?
2, 89
Suppose -4*n + 34182 = 2*q, -4*n - 39108 = -2*q - 4918. List the prime factors of q.
17093
Let a be (-326)/22 + (3 - (-175)/(-55)). Let x be (4/(-6) + 1)*a. What are the prime factors of (11/5 - 1)/(x/(-150))?
2, 3
List the prime factors of 41/((-369)/(-2)) - (-176497)/9.
3, 2179
Let s(a) = -195*a + 50. Let x be s(18). What are the prime factors of x/(-12) + (-5)/(-3)?
2, 5, 29
Suppose 2*p = 5*l + 156, 3*p = 2*p - 5*l + 108. Let q = p - 60. List the prime factors of q.
2, 7
Suppose w + 5 = 5*d, -w - 19 + 28 = 2*d. Suppose -w*x + 2*q + 441 + 1244 = 0, -5*x = 5*q - 1720. What are the prime factors of x?
3, 113
Suppose -k + 4 = 0, 5*l = -3*k + 1931 - 17354. Let j = -2135 - l. What are the prime factors of j?
2, 7, 17
Suppose -2*c + 1 = -3*n, -c + 20 = -3*n + 8*n. Suppose -5*o + 8 = -3*o. Suppose n*u = a - 47 + 181, 20 = -o*a. List the prime factors of u.
43
Let t(a) = -459*a + 980. List the prime factors of t(-20).
2, 5, 127
Let s(g) = 3*g**2 + 16*g - 6. Suppose 4*r - 4*f = -0*r - 36, 2*r - f + 15 = 0. Let h be s(r). Suppose 0 = h*j - 2*j - 256. What are the prime factors of j?
2
Suppose -21486 = 10*k - 197756. List the prime factors of k.
17627
Suppose -3*m = 9, 0 = -2*c - 4*m + 1396 + 8056. What are the prime factors of c?
2, 7, 13
Let r(m) = -m**3 + 7*m**2 - 9*m - 1. Let j be r(4). Let o(g) = -7 + 16 - j*g - 3*g. What are the prime factors of o(-9)?
3, 5
What are the prime factors of 47/((-1128)/240) - -735?
5, 29
Let y = -129489 + 215850. What are the prime factors of y?
3, 11, 2617
Let y(k) be the second derivative of 25*k**3 + 33*k**2/2 + 24*k. List the prime factors of y(3).
3, 7, 23
Let o be 5*21/(-35)*40/6. What are the prime factors of (o + 21)/(1/404)?
2, 101
Suppose 0 = -28*m + 32*m - 3976. Suppose 2*q - m = 300. List the prime factors of q.
647
Let n be 54/(-12)*(2/(-3) + 0). Suppose -118 = -n*t - 340. List the prime factors of (1 + 0)*4 - t.
2, 3, 13
Suppose 9 = -m + 3. Let w = -4 - m. Suppose 6*s - l = s + 381, w*l = s - 78. List the prime factors of s.
2, 19
Let p(i) = 25*i**2 - 33*i - 6*i - 17*i**2 - 10*i**2. List the prime factors of p(-14).
2, 7, 11
Let p be -4*((-26)/(-39) - (-16)/(-6)). List the prime factors of 40/160 - (-4198)/p.
3, 5, 7
Let p(o) = -27*o**3 - 6*o**2 - 11*o + 80. What are the prime factors of p(-13)?
2, 31, 59
Let w = 15 - 12. Suppose -2*l = 5*t - 17, -2*l - 9 = -w*t - 2. Suppose 3*a - 261 - 207 = -t*j, 0 = 3*j - 2*a - 493. What are the prime factors of j?
7, 23
Suppose 7*p = -4*p + 143. Let n(u) = -2*u**3 + 3*u**2 - 18*u + 12. Let k be n(p). What are the prime factors of k/(-105) + (-4)/30?
3, 13
Suppose 3*j = -n + 48 + 33, 0 = 3*n + 4*j - 243. Suppose -n - 157 = 7*c. Let s = c - -182. List the prime factors of s.
2, 37
Let w = 33 + -85. Let o(a) = a**2 - 9*a - 89. Let b be o(-9). Let j = w + b. What are the prime factors of j?
3, 7
Let y(m) = 21*m**3 - m**2 - 10*m + 64. What are the prime factors of y(7)?
2, 1787
Suppose 5*j + s - 2364 = 0, -2*s = -0*j + 4*j - 1896. List the prime factors of j.
2, 59
Let b(o) = -3*o**2 - 81*o + 112. What are the prime factors of b(-12)?
2, 163
Suppose 40 - 48 = -2*j. Let y(i) = i**3 - 7*i**2 + 6*i - 6. Let c be y(j). List the prime factors of (c/(-4))/(-2 + (-34)/(-16)).
2, 3, 5
Suppose -129*g = -68424 - 1380633. List the prime factors of g.
47, 239
Suppose 55*z - 214 = 53*z. Let l = -183 + 124. Let g = l + z. List the prime factors of g.
2, 3
Let w = 134 - 146. What are the prime factors of (-8862)/(-28)*(2 + w/9)?
211
Suppose 54*f + 352760 = 3017461 - 415331. What are the prime factors of f?
3, 5, 2777
Suppose -2 = 3*h - 20, 2*o - 4*h = 17768. What are the prime factors of o?
2, 139
Let l(o) be the second derivative of -94*o**3/3 + 7*o**2 - 212*o. List the prime factors of l(-1).
2, 101
What are the prime factors of 120/((9595/1065 - -1) + -10)?
2, 3, 5, 71
Let k = 3595 - -11422. List the prime factors of k.
15017
Let f be ((-9)/3 - -2)/((-9)/(-18)). Let u(w) = -214*w - 9. What are the prime factors of u(f)?
419
Let f = 40072 - -9837. Suppose 3*h + 26*h - f = 0. List the prime factors of h.
1721
Let t(w) = -12021*w - 777. What are the prime factors of t(-1)?
2, 3, 937
Let f be 5/10 + (-1 - 349/(-2)). Suppose 0 = 10*m - f - 956. Let a = 88 + m. What are the prime factors of a?
3, 67
Suppose 0 = -3*q + 5*a + 272 + 666, 4*q - 5*a = 1259. Suppose -2*j - 3*f = 3*j - 529, -3*j - 3*f = -q. What are the prime factors of j?
2, 13
Let y = 2368 - 1229. Suppose -8*q + 4*q + 912 = -2*z, 0 = -5*q + 3*z + y. Suppose 0 = -2*v - 4*a + 156 - 18, 0 = -3*v + 5*a + q. List the prime factors of v.
73
Suppose -2*z = -5*j - 45991 - 24755, 5*j - 70786 = -2*z. List the prime factors of z.
41, 863
Suppose 36*o - 2069969 = -56*o - 644429. List the prime factors of o.
3, 5, 1033
Let t = 37 - 32. Suppose 0*w = t*w - 2*w. What are the prime factors of -9*(w + (-5 - -2))?
3
Suppose 692*x = 612*x + 2272080. List the prime factors of x.
3, 9467
Let u(r) = -r**3 + 8*r**2 + 17*r + 32. Let q be u(10). Suppose -q*h = -0*h - 612. List the prime factors of h.
2, 3, 17
Suppose 4*t = 5*u - 2384, 171 = u + 4*t - 325. Suppose u = -f + 21*f. Suppose -30*m + 480 = -f*m. List the prime factors of m.
2, 5
Let b(w) = 69*w - 4. Let v be b(1). Let g = v - 30. List the prime factors of (256/(-10))/((-7)/g).
2
Let v = 27404 + -13172. What are the prime factors of v?
2, 3, 593
Let x = 407 + -409. List the prime factors of 4 + 18905/45 + x/18.
2, 53
Let b(j) = j + 18. Let x be b(-11). Suppose -167 = x*g + 113. List the prime factors of (-3792)/g - 1/(-5).
5, 19
Let s be 13545/18 - ((-7)/2 - -2). Suppose -5*u = 3*n - s, -4*n + 3*n + 250 = u. List the prime factors of n.
2, 31
What are the prime factors of ((-1032)/32)/((-10)/8880)?
2, 3, 37, 43
Let o be (-6)/7*(28 + 7). List the prime factors of (636/10)/((-99)/o + -3).
2, 53
Let q(r) = r**3 - 21*r**2 + 24*r - 177. What are the prime factors of q(25)?
37, 79
Let d be (-303)/(-1)*(-5)/(-15). Let k = d - 60. Let w = 55 - k. List the prime factors of w.
2, 7
Suppose 72 = 7*v + 37. Suppose -3010 = -v*m + 5*c, c - 3006 = -5*m + 4*c. What are the prime factors of m?
2, 3, 5
Let d = -528 + 553. List the prime factors of (-4)/(40/d)*(-334)/5.
167
Suppose 2*f + 1 = -211. Let t(k) = -29*k + 2925. Let d be t(97). Let i = f + d. List the prime factors of i.
2, 3
Let r(g) = -94*g + 64. Let y(f) = f**2 + 12*f - 90. Let o be y(-17). What are the prime factors of r(o)?
2, 3, 89
Let a = 9 - 21. Let l be ((-12)/8)/(a/2224). Suppose -5*v = 2*i - 910 + l, 3*v = -i + 379. What are the prime factors of v?
2, 3, 7
Suppose -17*g + 1764 = -922. Suppose -11*b + g + 359 = 0. List the prime factors of b.
47
Suppose 21*z - 198507 - 187536 = 0. List the prime factors of z.
31, 593
Suppose 0 = 39*m - 4*m - 14357 + 2492. List the prime factors of m.
3, 113
Suppose 0 = 3*n + x - 434, -38*n - 5*x + 298 = -36*n. List the prime factors of n.
2, 3
Let q(l) = -69*l - 16 - 12 + 37. What are the prime factors of q(-9)?
2, 3, 5, 7
Let v = 870 - -1347. What are the prime factors of v?
3, 739
Let a = 153627 - 107271. List the prime factors of a.
2, 3, 3863
Let z(c) = 7*c - 19. Let x be z(7). Let r = x - 30. Suppose 5*u - 10 = r, -2*s + 5*u + 182 = 2*u. What are the prime factors of s?
2, 47
Let h(k) = k**2 + k + 5. Let b = -90 - -90. Suppose b*a = a + 5. What are the prime factors of h(a)?
5
Suppose -21*x + 36624 = -0*x. Suppose -4*s + 5*k = 4*k - x, -5*s = 2*k - 2167. What are the prime factors of s?
3, 5, 29
Suppose -2*p - 4*p + 5634 = 0. Suppose -3*s - 2*a = -744 - 193, 3*s - p = -3*a. List the prime factors of s.
311
Suppose -142 = -4*u - 2*s, -u + 3*s + 22 = -s. Suppose u*v - 25*v = 738. List the prime factors of v.
2, 41
List the prime factors of ((-69)/12*3)/(7 - 1437020/205280).
2, 23, 1283
Let v = -96 + 99. Let n be (3/2)/(v/4). Suppose -n*x = -x - 74. List the prime factors of x.
2, 37
Let n = 235 + -445. Let v = n - -510. Suppose 16*t = 2436 + v. List the prime factors of t.
3, 19
Let i(s) = -14*s + 290. Let a be i(-40). Let x(v) = -2*v. Let d be x(-2). Suppose 3*k - a = 5*u, d*k - 854 = k + 4*u. What are the prime factors of k?
2, 5, 29
Let s = 130608 - 89110. What are the prime factors of s?
2, 20749
Let i = -449 + 480. Let m = 744 + i. List